
11
Suppose 0 = -f + 2 + 5. What is the remainder when 27 is divided by f?
6
Let w(z) = -12*z - z - 3 - 2 + 4. Let f(g) = g**3 + 4*g**2 - g - 5. Let s be f(-4). What is the remainder when 22 is divided by w(s)?
10
Let a be (18/8)/(2/8). Let l(w) = 4*w - 22. Let b be l(9). Suppose -2*k = s - b - a, -k - 5*s = 2. What is the remainder when 25 is divided by k?
12
Let n be 0 - -4 - (2 - 1). What is the remainder when 34 is divided by -11 + 20 + n*1?
10
Let b be (16/(-20))/((-2)/10). Suppose -b*k - k + 130 = 0. What is the remainder when k is divided by (-21)/((-9)/6*1)?
12
Let i = -4 - -6. Suppose -p + 2 = -i. Calculate the remainder when 14 is divided by p.
2
Let o = 29 - 16. Let v(d) = -d - 2. Let u be v(-2). Suppose u*g = 2*g - 14. Calculate the remainder when o is divided by g.
6
Let t be 1/(-2 - -3 - 0). Calculate the remainder when 29 is divided by t/(27/(-30) - -1).
9
Suppose 2*l - 40 = 48. Suppose -17 = 3*v - 8. Calculate the remainder when l is divided by (-43)/v - (-2)/3.
14
Let s = -86 - -103. Calculate the remainder when s is divided by 6.
5
Let k(v) = -6*v. Calculate the remainder when (5/(-15))/(2/(-132)) is divided by k(-2).
10
Calculate the remainder when ((-6)/(-4))/((-6)/(-212)) is divided by 28.
25
Let i(l) = 3*l - 4. Let t = -12 - -41. Calculate the remainder when t is divided by i(4).
5
Calculate the remainder when 29 is divided by 156/15 + 8/(-20).
9
Suppose -2*m - z = -11, 0 = -3*z - 1 - 2. Let k be (-3 - 6)/(6/4). Let j = m - k. What is the remainder when 35 is divided by j?
11
Let q = -39 + 46. Let a = 5 + -1. What is the remainder when q is divided by a?
3
Suppose 1 = -b + 3. Suppose 24 + 20 = 5*k + 3*q, 24 = 2*k - b*q. Calculate the remainder when 29 is divided by k.
9
Let p(v) = -v**3 + 6*v**2 - 4*v - 3. Let r be p(5). Suppose r*l - 5*x = 16 + 3, 2*l - x - 23 = 0. What is the remainder when l is divided by 7?
5
Suppose -4*m + 164 = 4*b - b, 0 = 4*m - 20. What is the remainder when b is divided by 17?
14
Suppose 6*g - g - 135 = 0. Suppose -3*c + 26 = y, y - 9 = -4*c + g. What is the remainder when c is divided by 6?
4
Let d(b) be the first derivative of 4*b**3 - b - 3. Calculate the remainder when d(2) is divided by 16.
15
Suppose -7 = -v + 1. Let i be (-3)/2 - (-99)/18. Suppose -a - 87 = -i*a. What is the remainder when a is divided by v?
5
Suppose -4*z - z = 5*v + 5, 0 = z + 5*v + 9. Suppose s - 3 - z = 0. What is the remainder when s is divided by 3?
1
Suppose 5*y + 5 = 0, 5*y = m + 3*m - 45. Suppose 2*d - 5*n = -m*n + 31, 5*d - 63 = 2*n. What is the remainder when 37 is divided by d?
11
Let q = -15 + 11. Let t = 15 + q. Calculate the remainder when 21 is divided by t.
10
Let q = 23 + -9. Let b(o) be the first derivative of -o**4/4 - 4*o**3/3 + 4*o + 4. What is the remainder when q is divided by b(-4)?
2
Suppose -w - 36 = -5*w. Let u be (-1 - 104/(-2)) + 1. Suppose 0 = -3*q - 7 + u. Calculate the remainder when q is divided by w.
6
Let b(o) = 24*o - 5. Let j be b(5). Suppose 3*l + j = -44. What is the remainder when 4/(-6) + l/(-3) is divided by 6?
5
Let h = 10 + -16. Let q = 9 + h. Suppose -q*w + 7*w = 52. What is the remainder when w is divided by 7?
6
Let v = 42 + -69. Suppose -3*j + 3 = 0, 5*j - 28 - 57 = -2*t. Let a = t + v. Calculate the remainder when 24 is divided by a.
11
Suppose 4*s = -2*k + 4, -12 = -s + k + 4*k. What is the remainder when 2 is divided by s?
0
Let j(x) = 13*x**3 + 2*x**2 - 1. Let c = 67 + -63. What is the remainder when j(1) is divided by c?
2
Suppose -4*a - 5*c - 65 = 0, -3*c = 2*a - 19 + 54. Calculate the remainder when 14 is divided by (-2)/(4/a) + 1.
2
Suppose 5*u - 11 = -3*q, 6*q - 3*q - 4*u - 29 = 0. Calculate the remainder when q is divided by 3.
1
Let j = -158 - -200. Suppose -3*u + 63 = 3*q, 0 = -2*u - 0 - 2. Calculate the remainder when j is divided by q.
20
Let b be 2 + (1 - (-4)/2). Suppose -b*a + 0*a = -175. Suppose 5*x - a = -0*x. What is the remainder when x is divided by 3?
1
Let z(w) = -w**3 - 2*w**2 - 2*w. Let c be z(-2). Suppose a = 2*d - a - c, 2*d - 8 = -2*a. Suppose -4*o + 21 = 1. What is the remainder when o is divided by d?
2
Let n = 23 - 20. What is the remainder when 9 is divided by n?
0
Let l = -246 - -411. What is the remainder when l is divided by 24?
21
Let m = -129 + 197. Calculate the remainder when m is divided by 35.
33
Let s be ((-2)/(-4))/(6/(-312)). Let o = s + 56. Suppose i - 3*i + o = 0. What is the remainder when 43 is divided by i?
13
Let v = 14 + -10. Suppose -v*h = -56 - 12. What is the remainder when 32 is divided by h?
15
Let y be 2/3*9 + -2. Let i = 15 - y. Calculate the remainder when (-107)/(-5) + 2/(-5) is divided by i.
10
What is the remainder when 5*4*5/10 is divided by 3?
1
Suppose -2*k + 5 = 2*t - 15, t + 2*k = 15. Suppose t*d = 5*p - 135, 5*d = 2*p + d - 62. What is the remainder when p is divided by 9?
5
Let r(k) = -2*k**2 + 16*k - 9. Calculate the remainder when 18 is divided by r(7).
3
Let a = -23 + 16. Let w = a + 13. Calculate the remainder when 29 is divided by w/(-18) - (-92)/6.
14
Suppose -67 - 88 = 5*j. Let q = j + 47. What is the remainder when 47 is divided by q?
15
Let t = -6 - -8. Suppose 3*u = t*w + 151, 0 = -5*u + 2*u + 5*w + 139. Let i = 24 + -6. Calculate the remainder when u is divided by i.
17
Suppose 15 = 2*m - 13. Calculate the remainder when 21/m*38/3 is divided by 10.
9
Suppose 2*n = -2*n + 12, 41 = 5*g + 2*n. Let h = g - 3. Suppose -20 = h*k, -4*m + 6*m - 5*k - 41 = 0. What is the remainder when 14 is divided by m?
6
Suppose -48 = -11*h + 3*h. Calculate the remainder when (18/(-9))/((-1)/14) is divided by h.
4
Suppose 4*v = 4*f - 16, -5*f + 5 - 12 = 4*v. Suppose i - 33 = f. Calculate the remainder when i is divided by 18.
16
Let x(y) = y**2 - 6*y + 8. What is the remainder when 30 is divided by x(6)?
6
Let f = 16 + 0. Let m = -5 + f. Let q = -12 - -33. What is the remainder when q is divided by m?
10
Let k(f) = 2*f - 4. Let i be k(3). Suppose i*n = -5*b + 1 + 2, 3*b = -3*n + 27. What is the remainder when n is divided by -2 + 20/6*3?
6
Let f = 68 - 32. Calculate the remainder when f is divided by 13.
10
Let z = 13 + -5. Let n = z + -4. What is the remainder when 50 is divided by (3 - n) + 18/1?
16
Suppose -7*w = -20 - 43. Calculate the remainder when 17 is divided by w.
8
Let p(l) = -l + 13. Let w(n) = -2*n + 39. Let d(j) = -7*p(j) + 2*w(j). Suppose -2*y + 13 = -y. Calculate the remainder when y is divided by d(7).
5
Let g = 10 - 5. Suppose g*o = -2*f + 9, 0 = 3*o - 4*f + 5. Calculate the remainder when 1 is divided by o.
0
Let v(n) = -n**3 - 3*n**2 + 6*n - 7. What is the remainder when v(-6) is divided by 34?
31
Suppose -3*a - 8 = -w, 3*w - 8 + 49 = -4*a. Let g(i) = -i**3 - 6*i**2 + 4*i. What is the remainder when 82 is divided by g(w)?
19
Let g(t) = t - 2. Let l be g(-12). Let v = -7 - l. Calculate the remainder when 11 is divided by v.
4
Suppose -3*j = -7*j - 2*o - 12, 8 = -j + 2*o. Let v(r) = 2*r**2 + 5*r - 3. Suppose -23 = -4*b - 3. Calculate the remainder when v(j) is divided by b.
4
Let p = 149 + -82. What is the remainder when p is divided by 23?
21
Let y(f) = -f**2 + 3*f + 5. Let b be y(4). Let j = 1 - b. Suppose 3*q = -g + 119, 4*g + j*g = 3*q - 124. What is the remainder when q is divided by 14?
12
Suppose 0 = 2*v + 5*z - 114, 3*z = 5*v - z - 252. Calculate the remainder when v is divided by 11.
8
Suppose -4*m = -0*f - 5*f + 96, -f + 22 = 2*m. Calculate the remainder when 76 is divided by f.
16
Suppose 19 = 2*q + 5. Calculate the remainder when 26 is divided by q.
5
Let d(b) = -b**2 - 31*b + 67. Calculate the remainder when d(-25) is divided by 44.
41
Suppose 0 = -3*s + 5*s - 36. Suppose 66 + 3 = g. What is the remainder when g is divided by s?
15
Let r = 8 - 4. Suppose 10 - 46 = -r*f. Calculate the remainder when 23 is divided by f.
5
Suppose -2*y + 19 = -w, -4*w - 36 = -5*y + 7. What is the remainder when 65 is divided by y?
10
Suppose 5*f - 7*o = -3*o + 10, 0 = 5*f - o - 10. Suppose r + f = 2*r. Calculate the remainder when (-1464)/(-216) + (2 - (-16)/(-9)) is divided by r.
1
Suppose -5*d = -3*f - 150, -4*d + 5*f = 4*f - 113. Let u be (-7)/(-1) + (4 - 2). What is the remainder when d is divided by 2/u + (-266)/(-18)?
12
Let m(d) = -2*d - 1. Let p be m(-2). Suppose -p*x + x + 12 = 0. What is the 